digit of 521?
1
What is the tens digit of 9694?
9
What is the hundreds digit of 74057?
0
What is the hundreds digit of 622?
6
What is the units digit of 153823?
3
What is the units digit of 6174?
4
What is the units digit of 54?
4
What is the thousands digit of 48183?
8
What is the hundreds digit of 1141?
1
What is the units digit of 593?
3
What is the tens digit of 31113?
1
What is the tens digit of 483?
8
What is the tens digit of 40227?
2
What is the thousands digit of 2745?
2
What is the hundreds digit of 1745?
7
What is the tens digit of 167773?
7
What is the tens digit of 873?
7
What is the hundreds digit of 11488?
4
What is the tens digit of 573?
7
What is the hundreds digit of 8658?
6
What is the thousands digit of 1245?
1
What is the thousands digit of 2391?
2
What is the hundreds digit of 11107?
1
What is the tens digit of 4429?
2
What is the thousands digit of 22412?
2
What is the units digit of 2318?
8
What is the units digit of 55865?
5
What is the ten thousands digit of 11649?
1
What is the units digit of 4893?
3
What is the hundreds digit of 1279?
2
What is the units digit of 178?
8
What is the thousands digit of 7167?
7
What is the thousands digit of 161681?
1
What is the tens digit of 607?
0
What is the ten thousands digit of 77921?
7
What is the units digit of 5345?
5
What is the tens digit of 63010?
1
What is the units digit of 20301?
1
What is the thousands digit of 10683?
0
What is the units digit of 613?
3
What is the units digit of 43215?
5
What is the units digit of 2195?
5
What is the tens digit of 6373?
7
What is the tens digit of 3152?
5
What is the units digit of 398?
8
What is the units digit of 253?
3
What is the tens digit of 10385?
8
What is the units digit of 4919?
9
What is the units digit of 53856?
6
What is the ten thousands digit of 12667?
1
What is the thousands digit of 163041?
3
What is the units digit of 29?
9
What is the units digit of 960?
0
What is the hundreds digit of 759?
7
What is the hundreds digit of 9025?
0
What is the units digit of 24527?
7
What is the units digit of 3?
3
What is the tens digit of 79831?
3
What is the units digit of 570?
0
What is the hundreds digit of 38827?
8
What is the units digit of 66489?
9
What is the hundreds digit of 67944?
9
What is the units digit of 26685?
5
What is the tens digit of 1319?
1
What is the units digit of 55394?
4
What is the thousands digit of 6022?
6
What is the units digit of 1732?
2
What is the thousands digit of 25634?
5
What is the tens digit of 11615?
1
What is the tens digit of 3331?
3
What is the ten thousands digit of 15004?
1
What is the units digit of 3603?
3
What is the ten thousands digit of 55662?
5
What is the thousands digit of 94097?
4
What is the hundreds digit of 151356?
3
What is the hundreds digit of 3443?
4
What is the hundreds digit of 65339?
3
What is the hundreds digit of 2371?
3
What is the tens digit of 60604?
0
What is the hundreds digit of 2545?
5
What is the tens digit of 59323?
2
What is the tens digit of 2799?
9
What is the units digit of 7445?
5
What is the units digit of 6781?
1
What is the tens digit of 3874?
7
What is the hundreds digit of 839?
8
What is the units digit of 1041?
1
What is the tens digit of 56269?
6
What is the hundreds digit of 1461?
4
What is the hundreds digit of 49180?
1
What is the thousands digit of 9500?
9
What is the tens digit of 619?
1
What is the hundreds digit of 983?
9
What is the hundreds digit of 4599?
5
What is the units digit of 493?
3
What is the units digit of 229?
9
What is the tens digit of 2571?
7
What is the units digit of 19474?
4
What is the tens digit of 497?
9
What is the tens digit of 718?
1
What is the units digit of 2325?
5
What is the hundreds digit of 530?
5
What is the units digit of 726?
6
What is the units digit of 989?
9
What is the hundreds digit of 1046?
0
What is the hundreds digit of 51567?
5
What is the hundreds digit of 150989?
9
What is the ten thousands digit of 56587?
5
What is the thousands digit of 7368?
7
What is the thousands digit of 10175?
0
What is the thousands digit of 22484?
2
What is the hundreds digit of 11561?
5
What is the thousands digit of 1811?
1
What is the tens digit of 3649?
4
What is the thousands digit of 1104?
1
What is the thousands digit of 5375?
5
What is the ten thousands digit of 12102?
1
What is the hundreds digit of 1404?
4
What is the ten thousands digit of 28258?
2
What is the tens digit of 5087?
8
What is the ten thousands digit of 85724?
8
What is the hundreds digit of 21877?
8
What is the units digit of 7404?
4
What is the tens digit of 49501?
0
What is the thousands digit of 4237?
4
What is the units digit of 892?
2
What is the hundreds digit of 115300?
3
What is the thousands digit of 1827?
1
What is the hundreds digit of 358?
3
What is the tens digit of 1234?
3
What is the units digit of 74?
4
What is the hundreds digit of 15314?
3
What is the tens digit of 7381?
8
What is the units digit of 16084?
4
What is the units digit of 26388?
8
What is the units digit of 1801?
1
What is the tens digit of 72704?
0
What is the units digit of 10421?
1
What is the thousands digit of 34767?
4
What is the tens digit of 49502?
0
What is the units digit of 2862?
2
What is the units digit of 6136?
6
What is the thousands digit of 61530?
1
What is the tens digit of 26913?
1
What is the units digit of 924?
4
What is the thousands digit of 5240?
5
What is the units digit of 3?
3
What is the ten thousands digit of 46502?
4
What is the thousands digit of 70296?
0
What is the units digit of 675?
5
What is the hundreds digit of 7782?
7
What is the ten thousands digit of 44424?
4
What is the thousands digit of 10862?
0
What is the units digit of 1357?
7
What is the hundreds digit of 600?
6
What is the tens digit of 28?
2
What is the thousands digit of 45212?
5
What is the thousands digit of 55785?
5
What is the tens digit of 3013?
1
What is the tens digit of 3057?
5
What is the hundreds digit of 2489?
4
What is the thousands digit of 7466?
7
What is the ten thousands digit of 13366?
1
What is the tens digit of 915?
1
What is the hundreds digit of 1584?
5
What is the units digit of 644?
4
What is the hundreds digit of 1302?
3
What is the hundreds digit of 13856?
8
What is the thousands digit of 10699?
0
What is the tens digit of 25992?
9
What is the thousands digit of 5270?
5
What is the tens digit of 1372?
7
What is the tens digit of 766?
6
What is the hundreds digit of 2562?
5
What is the units digit of 20637?
7
What is the units digit of 785?
5
What is the units digit of 2028?
8
What is the hundreds digit of 5783?
7
What is the ten thousands digit of 13336?
1
What is the hundreds digit of 164?
1
What is the tens digit of 419?
1
What is the units digit of 323?
3
What is the units digit of 37017?
7
What is the units digit of 25261?
1
What is the thousands digit of 1268?
1
What is the hundreds digit of 645?
6
What is the units digit of 1066?
6
What is the tens digit of 3978?
7
What is the units digit of 17358?
8
What is the hundreds digit of 109755?
7
What is the units digit of 110047?
7
What is the units digit of 22367?
7
What is the tens digit of 36029?
2
What is the units digit of 15787?
7
What is the tens digit of 1075?
7
What is the units digit of 100205?
5
What is the thousands digit of 8420?
8
What is the units digit of 12294?
4
What is the units digit of 109?
9
What is the hundreds digit of 52039?
0
What is the ten thousands digit of 19350?
1
What is the ten thousands digit of 92737?
9
What is the ten thousands digit of 30104?
3
What is the units digit of 851?
1
What is the units digit of 428?
8
What is the thousands digit of 18679?
8
What is the units digit of 103984?
4
What is the ten thousands digit of 126345?
2
What is the hundreds digit of 254?
2
What is the units digit of 303?
3
What is the thousands digit of 1542?
1
What is the units digit of 11162?
2
What is the tens digit of 1235?
3
What is the units digit of 16022?
2
What is the tens digit of 555?
5
What is the units digit of 698?
8
What is the thousands digit of 1248?
1
What is the ten thousands digit of 106521?
0
What is the ten thousands digit of 28164?
2
What is the hundreds digit of 8803?
8
What is the units digit of 83238?
8
What is the tens digit of 4409?
0
What i